{"id":1132,"date":"2021-10-15T19:36:51","date_gmt":"2021-10-15T23:36:51","guid":{"rendered":"https:\/\/paroissesaintremi2821.ca\/?page_id=1132"},"modified":"2021-11-23T08:28:58","modified_gmt":"2021-11-23T13:28:58","slug":"pastorale-de-la-famille","status":"publish","type":"page","link":"https:\/\/paroissesaintremi.ca\/?page_id=1132","title":{"rendered":"Pastorale couples et familles"},"content":{"rendered":"\n<figure class=\"wp-block-image size-full\"><img loading=\"lazy\" decoding=\"async\" width=\"638\" height=\"240\" src=\"https:\/\/paroissesaintremi2821.ca\/wp-content\/uploads\/2021\/10\/Pastorale-Famille.jpg\" alt=\"\" class=\"wp-image-1191\" srcset=\"https:\/\/paroissesaintremi.ca\/wp-content\/uploads\/2021\/10\/Pastorale-Famille.jpg 638w, https:\/\/paroissesaintremi.ca\/wp-content\/uploads\/2021\/10\/Pastorale-Famille-300x113.jpg 300w\" sizes=\"auto, (max-width: 638px) 100vw, 638px\" \/><\/figure>\n\n\n\n<ul class=\"wp-block-list\" id=\"content1\"><li>DOCUMENTS<ul><li><a href=\"https:\/\/paroissesaintremi.ca\/wp-content\/uploads\/simple-file-list\/Documents\/1er-Juin_Projet-Pastorale-Famille-Version_page-webWithFormRev.pdf\" target=\"_blank\" rel=\"noreferrer noopener\">Pastorale Couples et familles_Ressources<\/a><\/li><li><a href=\"https:\/\/paroissesaintremi.ca\/wp-content\/uploads\/simple-file-list\/Documents\/22-septembre_Trouse-de-motivation-pour-re%CC%81ussir-a%CC%80-lEcole.pdf\" target=\"_blank\" rel=\"noreferrer noopener\">Trousse de motivation pour r\u00e9ussir \u00e0 l&rsquo;\u00e9cole<\/a><\/li><\/ul><\/li><\/ul>\n\n\n\n<p><\/p>\n\n\n\n<ul class=\"wp-block-list\" id=\"content1\"><li>CAREME 2021<ul><li><a href=\"https:\/\/fr.aleteia.org\/2018\/02\/08\/dix-idees-pour-vivre-le-careme-en-famille\/\">Dix id\u00e9es pour vivre le car\u00eame en famille<\/a><\/li><li><a href=\"https:\/\/www.catholique65.fr\/uploads\/Chemin-de-careme-2021-petit-format.pdf\">Mon chemin de car\u00eame Ann\u00e9e 2021<\/a><\/li><li><a href=\"https:\/\/emmanuel.info\/comment-vivre-le-careme-quelques-bonnes-idees-pour-2021\/\">Comment vivre le Car\u00eame ? Quelques bonnes id\u00e9es pour 2021<\/a><\/li><li><a href=\"https:\/\/www.jesuites.com\/careme-2021-un-podcast-pour-vivre-une-retraite-en-famille\/\">Car\u00eame 2021 : un podcast pour vivre une retraite en famille<\/a><\/li><li><a rel=\"noreferrer noopener\" href=\"https:\/\/us02web.zoom.us\/j\/86151818058\" target=\"_blank\">ACCEDER AU ZOOM DE LA PASSION DU CHRIST EN FAMILLE<\/a><\/li><\/ul><\/li><li>LIENS<ul><li><a href=\"https:\/\/forms.gle\/oKhfMLomVQgTJHKF7\">Formulaire d&rsquo;Inscription des couples et familles<\/a><\/li><li><a href=\"https:\/\/forms.gle\/yWFtB3FoUcVemEQFA\">Demande d&rsquo;Ecoute ou\/et d&rsquo;Intercession<\/a><\/li><\/ul><\/li><\/ul>\n\n\n\n<p><\/p>\n\n\n\n<ul class=\"wp-block-list\" id=\"content1\"><li>CONTACT<\/li><\/ul>\n\n\n\n<p>         Veuillez communiquer avec nous \u00e0 l&rsquo;addresse :<strong>&nbsp;<a href=\"mailto:pcf@paroissesaintremi.ca\">pcf@paroissesaintremi.ca<\/a><\/strong><\/p>\n\n\n\n<p><\/p>\n\n\n\n<p><\/p>\n","protected":false},"excerpt":{"rendered":"<p>DOCUMENTS Pastorale Couples et familles_Ressources Trousse de motivation pour r\u00e9ussir \u00e0 l&rsquo;\u00e9cole CAREME 2021 Dix id\u00e9es pour vivre le car\u00eame en famille Mon chemin de car\u00eame Ann\u00e9e 2021 Comment vivre le Car\u00eame ? Quelques bonnes id\u00e9es pour 2021 Car\u00eame 2021 : un podcast pour vivre une retraite en famille ACCEDER AU ZOOM DE LA PASSION DU CHRIST EN FAMILLE LIENS Formulaire d&rsquo;Inscription des couples et familles Demande d&rsquo;Ecoute ou\/et d&rsquo;Intercession CONTACT Veuillez communiquer avec nous \u00e0 l&rsquo;addresse :&nbsp;pcf@paroissesaintremi.ca<\/p>\n","protected":false},"author":2,"featured_media":0,"parent":0,"menu_order":0,"comment_status":"closed","ping_status":"closed","template":"","meta":{"_monsterinsights_skip_tracking":false,"_monsterinsights_sitenote_active":false,"_monsterinsights_sitenote_note":"","_monsterinsights_sitenote_category":0,"footnotes":""},"class_list":["post-1132","page","type-page","status-publish","hentry"],"_links":{"self":[{"href":"https:\/\/paroissesaintremi.ca\/index.php?rest_route=\/wp\/v2\/pages\/1132","targetHints":{"allow":["GET"]}}],"collection":[{"href":"https:\/\/paroissesaintremi.ca\/index.php?rest_route=\/wp\/v2\/pages"}],"about":[{"href":"https:\/\/paroissesaintremi.ca\/index.php?rest_route=\/wp\/v2\/types\/page"}],"author":[{"embeddable":true,"href":"https:\/\/paroissesaintremi.ca\/index.php?rest_route=\/wp\/v2\/users\/2"}],"replies":[{"embeddable":true,"href":"https:\/\/paroissesaintremi.ca\/index.php?rest_route=%2Fwp%2Fv2%2Fcomments&post=1132"}],"version-history":[{"count":11,"href":"https:\/\/paroissesaintremi.ca\/index.php?rest_route=\/wp\/v2\/pages\/1132\/revisions"}],"predecessor-version":[{"id":1455,"href":"https:\/\/paroissesaintremi.ca\/index.php?rest_route=\/wp\/v2\/pages\/1132\/revisions\/1455"}],"wp:attachment":[{"href":"https:\/\/paroissesaintremi.ca\/index.php?rest_route=%2Fwp%2Fv2%2Fmedia&parent=1132"}],"curies":[{"name":"wp","href":"https:\/\/api.w.org\/{rel}","templated":true}]}}

<figure class="wp-block-image size-full"><img loading="lazy" decoding="async" width="638" height="240" src="https://paroissesaintremi2821.ca/wp-content/uploads/2021/10/Pastorale-Famille.jpg" alt="" class="wp-image-1191" srcset="https://paroissesaintremi.ca/wp-content/uploads/2021/10/Pastorale-Famille.jpg 638w, https://paroissesaintremi.ca/wp-content/uploads/2021/10/Pastorale-Famille-300x113.jpg 300w" sizes="auto, (max-width: 638px) 100vw, 638px" /></figure>



<ul class="wp-block-list" id="content1"><li>DOCUMENTS<ul><li><a href="https://paroissesaintremi.ca/wp-content/uploads/simple-file-list/Documents/1er-Juin_Projet-Pastorale-Famille-Version_page-webWithFormRev.pdf" target="_blank" rel="noreferrer noopener">Pastorale Couples et familles_Ressources</a></li><li><a href="https://paroissesaintremi.ca/wp-content/uploads/simple-file-list/Documents/22-septembre_Trouse-de-motivation-pour-re%CC%81ussir-a%CC%80-lEcole.pdf" target="_blank" rel="noreferrer noopener">Trousse de motivation pour réussir à l&rsquo;école</a></li></ul></li></ul>



<p></p>



<ul class="wp-block-list" id="content1"><li>CAREME 2021<ul><li><a href="https://fr.aleteia.org/2018/02/08/dix-idees-pour-vivre-le-careme-en-famille/">Dix idées pour vivre le carême en famille</a></li><li><a href="https://www.catholique65.fr/uploads/Chemin-de-careme-2021-petit-format.pdf">Mon chemin de carême Année 2021</a></li><li><a href="https://emmanuel.info/comment-vivre-le-careme-quelques-bonnes-idees-pour-2021/">Comment vivre le Carême ? Quelques bonnes idées pour 2021</a></li><li><a href="https://www.jesuites.com/careme-2021-un-podcast-pour-vivre-une-retraite-en-famille/">Carême 2021 : un podcast pour vivre une retraite en famille</a></li><li><a rel="noreferrer noopener" href="https://us02web.zoom.us/j/86151818058" target="_blank">ACCEDER AU ZOOM DE LA PASSION DU CHRIST EN FAMILLE</a></li></ul></li><li>LIENS<ul><li><a href="https://forms.gle/oKhfMLomVQgTJHKF7">Formulaire d&rsquo;Inscription des couples et familles</a></li><li><a href="https://forms.gle/yWFtB3FoUcVemEQFA">Demande d&rsquo;Ecoute ou/et d&rsquo;Intercession</a></li></ul></li></ul>



<p></p>



<ul class="wp-block-list" id="content1"><li>CONTACT</li></ul>



<p>         Veuillez communiquer avec nous à l&rsquo;addresse :<strong>&nbsp;<a href="mailto:pcf@paroissesaintremi.ca">pcf@paroissesaintremi.ca</a></strong></p>



<p></p>



<p></p>

<p>DOCUMENTS Pastorale Couples et familles_Ressources Trousse de motivation pour réussir à l&rsquo;école CAREME 2021 Dix idées pour vivre le carême en famille Mon chemin de carême Année 2021 Comment vivre le Carême ? Quelques bonnes idées pour 2021 Carême 2021 : un podcast pour vivre une retraite en famille ACCEDER AU ZOOM DE LA PASSION DU CHRIST EN FAMILLE LIENS Formulaire d&rsquo;Inscription des couples et familles Demande d&rsquo;Ecoute ou/et d&rsquo;Intercession CONTACT Veuillez communiquer avec nous à l&rsquo;addresse :&nbsp;pcf@paroissesaintremi.ca</p>
