{"id":1437,"date":"2021-11-23T01:13:18","date_gmt":"2021-11-23T06:13:18","guid":{"rendered":"https:\/\/paroissesaintremi.ca\/?page_id=1437"},"modified":"2022-10-15T09:30:48","modified_gmt":"2022-10-15T13:30:48","slug":"filles-disabelle","status":"publish","type":"page","link":"https:\/\/paroissesaintremi.ca\/?page_id=1437","title":{"rendered":"Filles d&rsquo;Isabelle"},"content":{"rendered":"\n<p>Notre Ordre des Filles d\u2019Isabelle, cercle Sainte Kateri N\u00ba 1447, est ouvert \u00e0 toute femme chr\u00e9tienne \u00e2g\u00e9e de 16 ans et plus.<\/p>\n\n\n\n<p><strong>CHEZ NOUS, VOUS \u00caTES LES BIENVENUES!<\/strong><\/p>\n\n\n\n<p>\u00c0 titre de Filles d\u2019Isabelle, les membres accroissent leur cercle d\u2019amies, expriment librement leurs opinions, approfondissent leur vie spirituelle et participent aussi activement qu\u2019elles le d\u00e9sirent \u00e0 des activit\u00e9s tant sociales que charitables, culturelles et civiques. Les talents et les \u00e9nergies de toutes sont reconnus et appr\u00e9ci\u00e9s, car dans notre monde moderne le b\u00e9n\u00e9volat est vite devenu, par n\u00e9cessit\u00e9 et aspiration, un style de vie.<\/p>\n\n\n\n<p>Nos rencontres ont lieu le deuxi\u00e8me mercredi du mois de septembre \u00e0 juin dans la salle Yvon-Soucy.<\/p>\n\n\n\n<p><\/p>\n\n\n\n<p>Si vous \u00eates int\u00e9ress\u00e9s, pri\u00e8re nous communiquer par courriel au : <a href=\"mailto:fillesisabelles1447@paroissesaintremi.ca\">fillesisabelles1447@paroissesaintremi.ca<\/a><\/p>\n\n\n\n<p>Plus d&rsquo;information: <a href=\"http:\/\/fr.daughtersofisabella.org\">http:\/\/fr.daughtersofisabella.org<\/a> <\/p>\n\n\n\n<p>DOCUMENTS<\/p>\n\n\n\n<ul class=\"wp-block-list\"><li><a href=\"https:\/\/paroissesaintremi.ca\/wp-content\/uploads\/simple-file-list\/Documents\/fdi_recrutement.pdf\" target=\"_blank\" rel=\"noreferrer noopener\">Information \u2013 l\u2019ordre des Filles d\u2019Isabelle<\/a><\/li><li><a href=\"https:\/\/paroissesaintremi.ca\/wp-content\/uploads\/simple-file-list\/Documents\/fdi_inscription.pdf\" target=\"_blank\" rel=\"noreferrer noopener\">Formulaire d\u2019inscription pour l\u2019ordre des Filles d\u2019Isabelle<\/a><\/li><\/ul>\n\n\n\n<figure class=\"wp-block-image size-large\"><img loading=\"lazy\" decoding=\"async\" width=\"1024\" height=\"669\" src=\"https:\/\/paroissesaintremi.ca\/wp-content\/uploads\/2022\/10\/FDI1_2019-1024x669.jpg\" alt=\"\" class=\"wp-image-1772\" srcset=\"https:\/\/paroissesaintremi.ca\/wp-content\/uploads\/2022\/10\/FDI1_2019-1024x669.jpg 1024w, https:\/\/paroissesaintremi.ca\/wp-content\/uploads\/2022\/10\/FDI1_2019-300x196.jpg 300w, https:\/\/paroissesaintremi.ca\/wp-content\/uploads\/2022\/10\/FDI1_2019-768x502.jpg 768w, https:\/\/paroissesaintremi.ca\/wp-content\/uploads\/2022\/10\/FDI1_2019.jpg 1280w\" sizes=\"auto, (max-width: 1024px) 100vw, 1024px\" \/><figcaption>Groupe des Filles d\u2019Isabelle \u00e0 No\u00ebl 2019<\/figcaption><\/figure>\n\n\n\n<figure class=\"wp-block-image size-large\"><img loading=\"lazy\" decoding=\"async\" width=\"1024\" height=\"768\" src=\"https:\/\/paroissesaintremi.ca\/wp-content\/uploads\/2022\/10\/FDI2_2020-1024x768.jpg\" alt=\"\" class=\"wp-image-1774\" srcset=\"https:\/\/paroissesaintremi.ca\/wp-content\/uploads\/2022\/10\/FDI2_2020-1024x768.jpg 1024w, https:\/\/paroissesaintremi.ca\/wp-content\/uploads\/2022\/10\/FDI2_2020-300x225.jpg 300w, https:\/\/paroissesaintremi.ca\/wp-content\/uploads\/2022\/10\/FDI2_2020-768x576.jpg 768w, https:\/\/paroissesaintremi.ca\/wp-content\/uploads\/2022\/10\/FDI2_2020.jpg 1280w\" sizes=\"auto, (max-width: 1024px) 100vw, 1024px\" \/><figcaption>Filles d\u2019Isabelle \u00e0 l\u2019oeuvre, la confection de masques en 2020<\/figcaption><\/figure>\n","protected":false},"excerpt":{"rendered":"<p>Notre Ordre des Filles d\u2019Isabelle, cercle Sainte Kateri N\u00ba 1447, est ouvert \u00e0 toute femme chr\u00e9tienne \u00e2g\u00e9e de 16 ans et plus. CHEZ NOUS, VOUS \u00caTES LES BIENVENUES! \u00c0 titre de Filles d\u2019Isabelle, les membres accroissent leur cercle d\u2019amies, expriment librement leurs opinions, approfondissent leur vie spirituelle et participent aussi activement qu\u2019elles le d\u00e9sirent \u00e0 des activit\u00e9s tant sociales que charitables, culturelles et civiques. Les talents et les \u00e9nergies de toutes sont reconnus et appr\u00e9ci\u00e9s, car dans notre monde moderne le b\u00e9n\u00e9volat est vite devenu, par n\u00e9cessit\u00e9 et aspiration, un style de vie. Nos rencontres ont lieu le deuxi\u00e8me mercredi&#8230; <\/p>\n","protected":false},"author":3,"featured_media":0,"parent":461,"menu_order":0,"comment_status":"closed","ping_status":"closed","template":"","meta":{"_monsterinsights_skip_tracking":false,"_monsterinsights_sitenote_active":false,"_monsterinsights_sitenote_note":"","_monsterinsights_sitenote_category":0,"footnotes":""},"class_list":["post-1437","page","type-page","status-publish","hentry"],"_links":{"self":[{"href":"https:\/\/paroissesaintremi.ca\/index.php?rest_route=\/wp\/v2\/pages\/1437","targetHints":{"allow":["GET"]}}],"collection":[{"href":"https:\/\/paroissesaintremi.ca\/index.php?rest_route=\/wp\/v2\/pages"}],"about":[{"href":"https:\/\/paroissesaintremi.ca\/index.php?rest_route=\/wp\/v2\/types\/page"}],"author":[{"embeddable":true,"href":"https:\/\/paroissesaintremi.ca\/index.php?rest_route=\/wp\/v2\/users\/3"}],"replies":[{"embeddable":true,"href":"https:\/\/paroissesaintremi.ca\/index.php?rest_route=%2Fwp%2Fv2%2Fcomments&post=1437"}],"version-history":[{"count":6,"href":"https:\/\/paroissesaintremi.ca\/index.php?rest_route=\/wp\/v2\/pages\/1437\/revisions"}],"predecessor-version":[{"id":1775,"href":"https:\/\/paroissesaintremi.ca\/index.php?rest_route=\/wp\/v2\/pages\/1437\/revisions\/1775"}],"up":[{"embeddable":true,"href":"https:\/\/paroissesaintremi.ca\/index.php?rest_route=\/wp\/v2\/pages\/461"}],"wp:attachment":[{"href":"https:\/\/paroissesaintremi.ca\/index.php?rest_route=%2Fwp%2Fv2%2Fmedia&parent=1437"}],"curies":[{"name":"wp","href":"https:\/\/api.w.org\/{rel}","templated":true}]}}

<p>Notre Ordre des Filles d’Isabelle, cercle Sainte Kateri Nº 1447, est ouvert à toute femme chrétienne âgée de 16 ans et plus.</p>



<p><strong>CHEZ NOUS, VOUS ÊTES LES BIENVENUES!</strong></p>



<p>À titre de Filles d’Isabelle, les membres accroissent leur cercle d’amies, expriment librement leurs opinions, approfondissent leur vie spirituelle et participent aussi activement qu’elles le désirent à des activités tant sociales que charitables, culturelles et civiques. Les talents et les énergies de toutes sont reconnus et appréciés, car dans notre monde moderne le bénévolat est vite devenu, par nécessité et aspiration, un style de vie.</p>



<p>Nos rencontres ont lieu le deuxième mercredi du mois de septembre à juin dans la salle Yvon-Soucy.</p>



<p></p>



<p>Si vous êtes intéressés, prière nous communiquer par courriel au : <a href="mailto:fillesisabelles1447@paroissesaintremi.ca">fillesisabelles1447@paroissesaintremi.ca</a></p>



<p>Plus d&rsquo;information: <a href="http://fr.daughtersofisabella.org">http://fr.daughtersofisabella.org</a> </p>



<p>DOCUMENTS</p>



<ul class="wp-block-list"><li><a href="https://paroissesaintremi.ca/wp-content/uploads/simple-file-list/Documents/fdi_recrutement.pdf" target="_blank" rel="noreferrer noopener">Information – l’ordre des Filles d’Isabelle</a></li><li><a href="https://paroissesaintremi.ca/wp-content/uploads/simple-file-list/Documents/fdi_inscription.pdf" target="_blank" rel="noreferrer noopener">Formulaire d’inscription pour l’ordre des Filles d’Isabelle</a></li></ul>



<figure class="wp-block-image size-large"><img loading="lazy" decoding="async" width="1024" height="669" src="https://paroissesaintremi.ca/wp-content/uploads/2022/10/FDI1_2019-1024x669.jpg" alt="" class="wp-image-1772" srcset="https://paroissesaintremi.ca/wp-content/uploads/2022/10/FDI1_2019-1024x669.jpg 1024w, https://paroissesaintremi.ca/wp-content/uploads/2022/10/FDI1_2019-300x196.jpg 300w, https://paroissesaintremi.ca/wp-content/uploads/2022/10/FDI1_2019-768x502.jpg 768w, https://paroissesaintremi.ca/wp-content/uploads/2022/10/FDI1_2019.jpg 1280w" sizes="auto, (max-width: 1024px) 100vw, 1024px" /><figcaption>Groupe des Filles d’Isabelle à Noël 2019</figcaption></figure>



<figure class="wp-block-image size-large"><img loading="lazy" decoding="async" width="1024" height="768" src="https://paroissesaintremi.ca/wp-content/uploads/2022/10/FDI2_2020-1024x768.jpg" alt="" class="wp-image-1774" srcset="https://paroissesaintremi.ca/wp-content/uploads/2022/10/FDI2_2020-1024x768.jpg 1024w, https://paroissesaintremi.ca/wp-content/uploads/2022/10/FDI2_2020-300x225.jpg 300w, https://paroissesaintremi.ca/wp-content/uploads/2022/10/FDI2_2020-768x576.jpg 768w, https://paroissesaintremi.ca/wp-content/uploads/2022/10/FDI2_2020.jpg 1280w" sizes="auto, (max-width: 1024px) 100vw, 1024px" /><figcaption>Filles d’Isabelle à l’oeuvre, la confection de masques en 2020</figcaption></figure>

<p>Notre Ordre des Filles d’Isabelle, cercle Sainte Kateri Nº 1447, est ouvert à toute femme chrétienne âgée de 16 ans et plus. CHEZ NOUS, VOUS ÊTES LES BIENVENUES! À titre de Filles d’Isabelle, les membres accroissent leur cercle d’amies, expriment librement leurs opinions, approfondissent leur vie spirituelle et participent aussi activement qu’elles le désirent à des activités tant sociales que charitables, culturelles et civiques. Les talents et les énergies de toutes sont reconnus et appréciés, car dans notre monde moderne le bénévolat est vite devenu, par nécessité et aspiration, un style de vie. Nos rencontres ont lieu le deuxième mercredi&#8230; </p>
