{"id":1844,"date":"2023-01-13T16:48:21","date_gmt":"2023-01-13T21:48:21","guid":{"rendered":"https:\/\/paroissesaintremi.ca\/?page_id=1844"},"modified":"2023-01-14T09:50:50","modified_gmt":"2023-01-14T14:50:50","slug":"celebrations-douverture","status":"publish","type":"page","link":"https:\/\/paroissesaintremi.ca\/?page_id=1844","title":{"rendered":"C\u00e9l\u00e9brations d&rsquo;ouverture"},"content":{"rendered":"\n<figure class=\"wp-block-image size-full\"><img loading=\"lazy\" decoding=\"async\" width=\"526\" height=\"181\" src=\"https:\/\/paroissesaintremi.ca\/wp-content\/uploads\/2022\/12\/soixantieme-1.jpg\" alt=\"\" class=\"wp-image-1814\" srcset=\"https:\/\/paroissesaintremi.ca\/wp-content\/uploads\/2022\/12\/soixantieme-1.jpg 526w, https:\/\/paroissesaintremi.ca\/wp-content\/uploads\/2022\/12\/soixantieme-1-300x103.jpg 300w\" sizes=\"auto, (max-width: 526px) 100vw, 526px\" \/><\/figure>\n\n\n\n<p><em><strong><em>C\u00e9l\u00e9brations d&rsquo;ouverture du 60i\u00e8me anniversaire de la paroisse Saint-Remi, 20 au 22 janvier<\/em><\/strong><\/em><\/p>\n\n\n\n<p>Le weekend du 20 au 22 janvier sera consacr\u00e9 aux C\u00e9l\u00e9brations de la Parole, \u00e0 Saint-Remi. Un programme ax\u00e9 sur des enseignements religieux autour de la Parole de Dieu, les Saintes \u00c9critures, sur l&rsquo;importance de l\u2019\u00c9glise dans l\u2019espace et dans le temps, sera anim\u00e9 par des conf\u00e9renciers et renforc\u00e9s par divers t\u00e9moignages. Ce weekend offre une belle occasion de ressourcement spirituel et d&rsquo;accro\u00eetre nos connaissances sur la Parole de Dieu.&nbsp;&nbsp;L&rsquo;horaire d\u00e9butera le vendredi, 20 janvier \u00e0 17h30 jusqu&rsquo;\u00e0 19h30; le samedi 21 janvier de 14h \u00e0 16h.&nbsp;<strong><em>Le weekend se terminera le dimanche 22 janvier \u00e0 11h,&nbsp; par la c\u00e9l\u00e9bration eucharistique qui marquera le coup d&rsquo;envoi des c\u00e9l\u00e9brations du 60i\u00e8me<\/em><\/strong>.&nbsp;<\/p>\n\n\n\n<p><\/p>\n\n\n\n<p><\/p>\n\n\n\n<figure class=\"wp-block-image size-full\"><img loading=\"lazy\" decoding=\"async\" width=\"536\" height=\"559\" src=\"https:\/\/paroissesaintremi.ca\/wp-content\/uploads\/2023\/01\/Table60eme.png\" alt=\"\" class=\"wp-image-1845\" srcset=\"https:\/\/paroissesaintremi.ca\/wp-content\/uploads\/2023\/01\/Table60eme.png 536w, https:\/\/paroissesaintremi.ca\/wp-content\/uploads\/2023\/01\/Table60eme-288x300.png 288w\" sizes=\"auto, (max-width: 536px) 100vw, 536px\" \/><\/figure>\n","protected":false},"excerpt":{"rendered":"<p>C\u00e9l\u00e9brations d&rsquo;ouverture du 60i\u00e8me anniversaire de la paroisse Saint-Remi, 20 au 22 janvier Le weekend du 20 au 22 janvier sera consacr\u00e9 aux C\u00e9l\u00e9brations de la Parole, \u00e0 Saint-Remi. Un programme ax\u00e9 sur des enseignements religieux autour de la Parole de Dieu, les Saintes \u00c9critures, sur l&rsquo;importance de l\u2019\u00c9glise dans l\u2019espace et dans le temps, sera anim\u00e9 par des conf\u00e9renciers et renforc\u00e9s par divers t\u00e9moignages. Ce weekend offre une belle occasion de ressourcement spirituel et d&rsquo;accro\u00eetre nos connaissances sur la Parole de Dieu.&nbsp;&nbsp;L&rsquo;horaire d\u00e9butera le vendredi, 20 janvier \u00e0 17h30 jusqu&rsquo;\u00e0 19h30; le samedi 21 janvier de 14h \u00e0 16h.&nbsp;Le&#8230; <\/p>\n","protected":false},"author":2,"featured_media":0,"parent":1801,"menu_order":0,"comment_status":"closed","ping_status":"closed","template":"","meta":{"_monsterinsights_skip_tracking":false,"_monsterinsights_sitenote_active":false,"_monsterinsights_sitenote_note":"","_monsterinsights_sitenote_category":0,"footnotes":""},"class_list":["post-1844","page","type-page","status-publish","hentry"],"_links":{"self":[{"href":"https:\/\/paroissesaintremi.ca\/index.php?rest_route=\/wp\/v2\/pages\/1844","targetHints":{"allow":["GET"]}}],"collection":[{"href":"https:\/\/paroissesaintremi.ca\/index.php?rest_route=\/wp\/v2\/pages"}],"about":[{"href":"https:\/\/paroissesaintremi.ca\/index.php?rest_route=\/wp\/v2\/types\/page"}],"author":[{"embeddable":true,"href":"https:\/\/paroissesaintremi.ca\/index.php?rest_route=\/wp\/v2\/users\/2"}],"replies":[{"embeddable":true,"href":"https:\/\/paroissesaintremi.ca\/index.php?rest_route=%2Fwp%2Fv2%2Fcomments&post=1844"}],"version-history":[{"count":2,"href":"https:\/\/paroissesaintremi.ca\/index.php?rest_route=\/wp\/v2\/pages\/1844\/revisions"}],"predecessor-version":[{"id":1853,"href":"https:\/\/paroissesaintremi.ca\/index.php?rest_route=\/wp\/v2\/pages\/1844\/revisions\/1853"}],"up":[{"embeddable":true,"href":"https:\/\/paroissesaintremi.ca\/index.php?rest_route=\/wp\/v2\/pages\/1801"}],"wp:attachment":[{"href":"https:\/\/paroissesaintremi.ca\/index.php?rest_route=%2Fwp%2Fv2%2Fmedia&parent=1844"}],"curies":[{"name":"wp","href":"https:\/\/api.w.org\/{rel}","templated":true}]}}

Célébrations d&rsquo;ouverture

<figure class="wp-block-image size-full"><img loading="lazy" decoding="async" width="526" height="181" src="https://paroissesaintremi.ca/wp-content/uploads/2022/12/soixantieme-1.jpg" alt="" class="wp-image-1814" srcset="https://paroissesaintremi.ca/wp-content/uploads/2022/12/soixantieme-1.jpg 526w, https://paroissesaintremi.ca/wp-content/uploads/2022/12/soixantieme-1-300x103.jpg 300w" sizes="auto, (max-width: 526px) 100vw, 526px" /></figure>



<p><em><strong><em>Célébrations d&rsquo;ouverture du 60ième anniversaire de la paroisse Saint-Remi, 20 au 22 janvier</em></strong></em></p>



<p>Le weekend du 20 au 22 janvier sera consacré aux Célébrations de la Parole, à Saint-Remi. Un programme axé sur des enseignements religieux autour de la Parole de Dieu, les Saintes Écritures, sur l&rsquo;importance de l’Église dans l’espace et dans le temps, sera animé par des conférenciers et renforcés par divers témoignages. Ce weekend offre une belle occasion de ressourcement spirituel et d&rsquo;accroître nos connaissances sur la Parole de Dieu.&nbsp;&nbsp;L&rsquo;horaire débutera le vendredi, 20 janvier à 17h30 jusqu&rsquo;à 19h30; le samedi 21 janvier de 14h à 16h.&nbsp;<strong><em>Le weekend se terminera le dimanche 22 janvier à 11h,&nbsp; par la célébration eucharistique qui marquera le coup d&rsquo;envoi des célébrations du 60ième</em></strong>.&nbsp;</p>



<p></p>



<p></p>



<figure class="wp-block-image size-full"><img loading="lazy" decoding="async" width="536" height="559" src="https://paroissesaintremi.ca/wp-content/uploads/2023/01/Table60eme.png" alt="" class="wp-image-1845" srcset="https://paroissesaintremi.ca/wp-content/uploads/2023/01/Table60eme.png 536w, https://paroissesaintremi.ca/wp-content/uploads/2023/01/Table60eme-288x300.png 288w" sizes="auto, (max-width: 536px) 100vw, 536px" /></figure>

<p>Célébrations d&rsquo;ouverture du 60ième anniversaire de la paroisse Saint-Remi, 20 au 22 janvier Le weekend du 20 au 22 janvier sera consacré aux Célébrations de la Parole, à Saint-Remi. Un programme axé sur des enseignements religieux autour de la Parole de Dieu, les Saintes Écritures, sur l&rsquo;importance de l’Église dans l’espace et dans le temps, sera animé par des conférenciers et renforcés par divers témoignages. Ce weekend offre une belle occasion de ressourcement spirituel et d&rsquo;accroître nos connaissances sur la Parole de Dieu.&nbsp;&nbsp;L&rsquo;horaire débutera le vendredi, 20 janvier à 17h30 jusqu&rsquo;à 19h30; le samedi 21 janvier de 14h à 16h.&nbsp;Le&#8230; </p>
