{"id":1897,"date":"2023-02-19T15:29:59","date_gmt":"2023-02-19T20:29:59","guid":{"rendered":"https:\/\/paroissesaintremi.ca\/?page_id=1897"},"modified":"2023-02-19T15:30:01","modified_gmt":"2023-02-19T20:30:01","slug":"le-careme","status":"publish","type":"page","link":"https:\/\/paroissesaintremi.ca\/?page_id=1897","title":{"rendered":"LE CAR\u00caME"},"content":{"rendered":"<div class=\"wp-block-image\">\n<figure class=\"aligncenter size-full\"><img loading=\"lazy\" decoding=\"async\" width=\"278\" height=\"321\" src=\"https:\/\/paroissesaintremi.ca\/wp-content\/uploads\/2023\/02\/Careme.png\" alt=\"\" class=\"wp-image-1898\" srcset=\"https:\/\/paroissesaintremi.ca\/wp-content\/uploads\/2023\/02\/Careme.png 278w, https:\/\/paroissesaintremi.ca\/wp-content\/uploads\/2023\/02\/Careme-260x300.png 260w\" sizes=\"auto, (max-width: 278px) 100vw, 278px\" \/><\/figure>\n<\/div>\n\n\n<p>Temps de pri\u00e8re et de r\u00e9flexion,\u00a0temps de conversion, temps de renouveau personnel, temps de retour \u00e0 l&rsquo;Essentiel.\u00a0\u00a0Entrons dans ce myst\u00e8re d&rsquo;amour le plus pur par une r\u00e9ponse libre et g\u00e9n\u00e9reuse au Christ souffrant. Que nos vies spirituelles soient chaque jour\u00a0 plus profondes, pour t&rsquo;aimer Seigneur, chaque jour un peu plus.<\/p>\n","protected":false},"excerpt":{"rendered":"<p>Temps de pri\u00e8re et de r\u00e9flexion,\u00a0temps de conversion, temps de renouveau personnel, temps de retour \u00e0 l&rsquo;Essentiel.\u00a0\u00a0Entrons dans ce myst\u00e8re d&rsquo;amour le plus pur par une r\u00e9ponse libre et g\u00e9n\u00e9reuse au Christ souffrant. Que nos vies spirituelles soient chaque jour\u00a0 plus profondes, pour t&rsquo;aimer Seigneur, chaque jour un peu plus.<\/p>\n","protected":false},"author":2,"featured_media":0,"parent":0,"menu_order":0,"comment_status":"closed","ping_status":"closed","template":"","meta":{"_monsterinsights_skip_tracking":false,"_monsterinsights_sitenote_active":false,"_monsterinsights_sitenote_note":"","_monsterinsights_sitenote_category":0,"footnotes":""},"class_list":["post-1897","page","type-page","status-publish","hentry"],"_links":{"self":[{"href":"https:\/\/paroissesaintremi.ca\/index.php?rest_route=\/wp\/v2\/pages\/1897","targetHints":{"allow":["GET"]}}],"collection":[{"href":"https:\/\/paroissesaintremi.ca\/index.php?rest_route=\/wp\/v2\/pages"}],"about":[{"href":"https:\/\/paroissesaintremi.ca\/index.php?rest_route=\/wp\/v2\/types\/page"}],"author":[{"embeddable":true,"href":"https:\/\/paroissesaintremi.ca\/index.php?rest_route=\/wp\/v2\/users\/2"}],"replies":[{"embeddable":true,"href":"https:\/\/paroissesaintremi.ca\/index.php?rest_route=%2Fwp%2Fv2%2Fcomments&post=1897"}],"version-history":[{"count":1,"href":"https:\/\/paroissesaintremi.ca\/index.php?rest_route=\/wp\/v2\/pages\/1897\/revisions"}],"predecessor-version":[{"id":1899,"href":"https:\/\/paroissesaintremi.ca\/index.php?rest_route=\/wp\/v2\/pages\/1897\/revisions\/1899"}],"wp:attachment":[{"href":"https:\/\/paroissesaintremi.ca\/index.php?rest_route=%2Fwp%2Fv2%2Fmedia&parent=1897"}],"curies":[{"name":"wp","href":"https:\/\/api.w.org\/{rel}","templated":true}]}}