{"id":1963,"date":"2023-04-23T11:41:50","date_gmt":"2023-04-23T15:41:50","guid":{"rendered":"https:\/\/paroissesaintremi.ca\/?page_id=1963"},"modified":"2023-05-20T11:24:54","modified_gmt":"2023-05-20T15:24:54","slug":"invitation-a-participer-aux-temoignages-construire-leglise-ensemble","status":"publish","type":"page","link":"https:\/\/paroissesaintremi.ca\/?page_id=1963","title":{"rendered":"Invitation \u00e0 participer aux t\u00e9moignages"},"content":{"rendered":"\n<p><strong>\u00ab Faire \u00c9glise ensemble<\/strong> <strong>\u00bb<\/strong><\/p>\n\n\n\n<p>Un 60i\u00e8me anniversaire marqu\u00e9 par la nouveaut\u00e9! L&rsquo;histoire de la paroisse d\u00e9montre qu&rsquo;au cours des<br>ann\u00e9es pass\u00e9es, la paroisse Saint-Remi a su se lancer de nouveaux d\u00e9fis qui lui ont permis de grandir<br>tant au niveau de l&rsquo;esprit paroissial communautaire que sur le plan de la foi. \u00ab Faire \u00c9glise ensemble\u00bb<br>se veut une orientation nouvelle, inclusive, participative, synodale et avant-gardiste. Nous souhaitons en<br>cette ann\u00e9e jubilaire de la paroisse lancer un appel \u00e0 tous ceux et celles qui d\u00e9sireraient t\u00e9moigner sur<br>leur exp\u00e9rience d&rsquo;int\u00e9gration dans la communaut\u00e9 paroissiale, ou partager un t\u00e9moignage de foi ou de<br>bienfaits re\u00e7us au cours des ann\u00e9es \u00e0 l&rsquo;\u00c9glise Saint-Remi \u00e0 le faire. Nous vous invitons \u00e0 compl\u00e9ter le<br>formulaire Guide pour t\u00e9moignages ci-joint et \u00e0 le retourner \u00e0 l&rsquo;une ou l&rsquo;autre adresse suivante:<br>lucie.chenevert@rogers.com ou franckyonga@gmail.com Vous pouvez \u00e9galement d\u00e9poser le formulaire<br>compl\u00e9t\u00e9 directement dans la bo\u00eete T\u00e9moignages qui se trouve \u00e0 la sortie de l&rsquo;\u00e9glise. Nous vous<br>remercions de votre collaboration.<\/p>\n\n\n\n<p><strong>P.S. des copies papier du Guide pour t\u00e9moignages sont disponibles sur la table dans l&rsquo;atrium.<\/strong><\/p>\n\n\n\n<div data-wp-interactive=\"core\/file\" class=\"wp-block-file\"><object data-wp-bind--hidden=\"!state.hasPdfPreview\" hidden class=\"wp-block-file__embed\" data=\"https:\/\/paroissesaintremi.ca\/wp-content\/uploads\/2023\/04\/GUIDE-DU-TEMOIGNAGE_60e_2023.pdf\" type=\"application\/pdf\" style=\"width:100%;height:600px\" aria-label=\"Contenu embarqu\u00e9 GUIDE-DU-TEMOIGNAGE_60e_2023.\"><\/object><a id=\"wp-block-file--media-0565331b-b920-464a-b4a3-01b5d92bdce9\" href=\"https:\/\/paroissesaintremi.ca\/wp-content\/uploads\/2023\/04\/GUIDE-DU-TEMOIGNAGE_60e_2023.pdf\">GUIDE-DU-TEMOIGNAGE_60e_2023<\/a><a href=\"https:\/\/paroissesaintremi.ca\/wp-content\/uploads\/2023\/04\/GUIDE-DU-TEMOIGNAGE_60e_2023.pdf\" class=\"wp-block-file__button wp-element-button\" download aria-describedby=\"wp-block-file--media-0565331b-b920-464a-b4a3-01b5d92bdce9\">T\u00e9l\u00e9charger<\/a><\/div>\n","protected":false},"excerpt":{"rendered":"<p>\u00ab Faire \u00c9glise ensemble \u00bb Un 60i\u00e8me anniversaire marqu\u00e9 par la nouveaut\u00e9! L&rsquo;histoire de la paroisse d\u00e9montre qu&rsquo;au cours desann\u00e9es pass\u00e9es, la paroisse Saint-Remi a su se lancer de nouveaux d\u00e9fis qui lui ont permis de grandirtant au niveau de l&rsquo;esprit paroissial communautaire que sur le plan de la foi. \u00ab Faire \u00c9glise ensemble\u00bbse veut une orientation nouvelle, inclusive, participative, synodale et avant-gardiste. Nous souhaitons encette ann\u00e9e jubilaire de la paroisse lancer un appel \u00e0 tous ceux et celles qui d\u00e9sireraient t\u00e9moigner surleur exp\u00e9rience d&rsquo;int\u00e9gration dans la communaut\u00e9 paroissiale, ou partager un t\u00e9moignage de foi ou debienfaits re\u00e7us au cours&#8230; <\/p>\n","protected":false},"author":2,"featured_media":0,"parent":0,"menu_order":0,"comment_status":"closed","ping_status":"closed","template":"","meta":{"_monsterinsights_skip_tracking":false,"_monsterinsights_sitenote_active":false,"_monsterinsights_sitenote_note":"","_monsterinsights_sitenote_category":0,"footnotes":""},"class_list":["post-1963","page","type-page","status-publish","hentry"],"_links":{"self":[{"href":"https:\/\/paroissesaintremi.ca\/index.php?rest_route=\/wp\/v2\/pages\/1963","targetHints":{"allow":["GET"]}}],"collection":[{"href":"https:\/\/paroissesaintremi.ca\/index.php?rest_route=\/wp\/v2\/pages"}],"about":[{"href":"https:\/\/paroissesaintremi.ca\/index.php?rest_route=\/wp\/v2\/types\/page"}],"author":[{"embeddable":true,"href":"https:\/\/paroissesaintremi.ca\/index.php?rest_route=\/wp\/v2\/users\/2"}],"replies":[{"embeddable":true,"href":"https:\/\/paroissesaintremi.ca\/index.php?rest_route=%2Fwp%2Fv2%2Fcomments&post=1963"}],"version-history":[{"count":3,"href":"https:\/\/paroissesaintremi.ca\/index.php?rest_route=\/wp\/v2\/pages\/1963\/revisions"}],"predecessor-version":[{"id":2027,"href":"https:\/\/paroissesaintremi.ca\/index.php?rest_route=\/wp\/v2\/pages\/1963\/revisions\/2027"}],"wp:attachment":[{"href":"https:\/\/paroissesaintremi.ca\/index.php?rest_route=%2Fwp%2Fv2%2Fmedia&parent=1963"}],"curies":[{"name":"wp","href":"https:\/\/api.w.org\/{rel}","templated":true}]}}

Invitation à participer aux témoignages

<p><strong>« Faire Église ensemble</strong> <strong>»</strong></p>



<p>Un 60ième anniversaire marqué par la nouveauté! L&rsquo;histoire de la paroisse démontre qu&rsquo;au cours des<br>années passées, la paroisse Saint-Remi a su se lancer de nouveaux défis qui lui ont permis de grandir<br>tant au niveau de l&rsquo;esprit paroissial communautaire que sur le plan de la foi. « Faire Église ensemble»<br>se veut une orientation nouvelle, inclusive, participative, synodale et avant-gardiste. Nous souhaitons en<br>cette année jubilaire de la paroisse lancer un appel à tous ceux et celles qui désireraient témoigner sur<br>leur expérience d&rsquo;intégration dans la communauté paroissiale, ou partager un témoignage de foi ou de<br>bienfaits reçus au cours des années à l&rsquo;Église Saint-Remi à le faire. Nous vous invitons à compléter le<br>formulaire Guide pour témoignages ci-joint et à le retourner à l&rsquo;une ou l&rsquo;autre adresse suivante:<br>lucie.chenevert@rogers.com ou franckyonga@gmail.com Vous pouvez également déposer le formulaire<br>complété directement dans la boîte Témoignages qui se trouve à la sortie de l&rsquo;église. Nous vous<br>remercions de votre collaboration.</p>



<p><strong>P.S. des copies papier du Guide pour témoignages sont disponibles sur la table dans l&rsquo;atrium.</strong></p>



<div data-wp-interactive="core/file" class="wp-block-file"><object data-wp-bind--hidden="!state.hasPdfPreview" hidden class="wp-block-file__embed" data="https://paroissesaintremi.ca/wp-content/uploads/2023/04/GUIDE-DU-TEMOIGNAGE_60e_2023.pdf" type="application/pdf" style="width:100%;height:600px" aria-label="Contenu embarqué GUIDE-DU-TEMOIGNAGE_60e_2023."></object><a id="wp-block-file--media-0565331b-b920-464a-b4a3-01b5d92bdce9" href="https://paroissesaintremi.ca/wp-content/uploads/2023/04/GUIDE-DU-TEMOIGNAGE_60e_2023.pdf">GUIDE-DU-TEMOIGNAGE_60e_2023</a><a href="https://paroissesaintremi.ca/wp-content/uploads/2023/04/GUIDE-DU-TEMOIGNAGE_60e_2023.pdf" class="wp-block-file__button wp-element-button" download aria-describedby="wp-block-file--media-0565331b-b920-464a-b4a3-01b5d92bdce9">Télécharger</a></div>

<p>« Faire Église ensemble » Un 60ième anniversaire marqué par la nouveauté! L&rsquo;histoire de la paroisse démontre qu&rsquo;au cours desannées passées, la paroisse Saint-Remi a su se lancer de nouveaux défis qui lui ont permis de grandirtant au niveau de l&rsquo;esprit paroissial communautaire que sur le plan de la foi. « Faire Église ensemble»se veut une orientation nouvelle, inclusive, participative, synodale et avant-gardiste. Nous souhaitons encette année jubilaire de la paroisse lancer un appel à tous ceux et celles qui désireraient témoigner surleur expérience d&rsquo;intégration dans la communauté paroissiale, ou partager un témoignage de foi ou debienfaits reçus au cours&#8230; </p>
